by 17873.
288
What is the remainder when 1493986 is divided by 32?
2
Calculate the remainder when 5648463 is divided by 75.
63
Calculate the remainder when 2241921 is divided by 1062.
39
What is the remainder when 278517 is divided by 21349?
980
What is the remainder when 3899074 is divided by 4492?
18
Calculate the remainder when 3136739 is divided by 448102.
25
Calculate the remainder when 845575 is divided by 845279.
296
Calculate the remainder when 6379686 is divided by 538.
82
What is the remainder when 8838 is divided by 1811?
1594
What is the remainder when 213372 is divided by 211205?
2167
What is the remainder when 1337884 is divided by 2?
0
What is the remainder when 194126 is divided by 900?
626
Calculate the remainder when 571242 is divided by 8927.
8841
Calculate the remainder when 12352588 is divided by 2207.
9
Calculate the remainder when 1639071 is divided by 117.
18
What is the remainder when 280785 is divided by 280743?
42
Calculate the remainder when 137499 is divided by 2255.
2199
What is the remainder when 7008710 is divided by 1865?
40
What is the remainder when 3731288 is divided by 544?
536
What is the remainder when 5015258 is divided by 2424?
2
What is the remainder when 477847 is divided by 1642?
25
Calculate the remainder when 558008 is divided by 7337.
396
Calculate the remainder when 93793384 is divided by 226.
220
What is the remainder when 2512484 is divided by 125623?
24
What is the remainder when 5047353 is divided by 72?
9
Calculate the remainder when 2720253 is divided by 6326.
73
What is the remainder when 1277338 is divided by 319295?
158
Calculate the remainder when 28582053 is divided by 62.
53
What is the remainder when 1844892 is divided by 171?
144
Calculate the remainder when 965284 is divided by 96413.
1154
What is the remainder when 63306 is divided by 443?
400
What is the remainder when 46386516 is divided by 9?
3
What is the remainder when 1519352 is divided by 116873?
3
What is the remainder when 24180023 is divided by 57?
53
Calculate the remainder when 463806020 is divided by 1572.
1568
Calculate the remainder when 6098884 is divided by 2201.
2114
What is the remainder when 1873710 is divided by 507?
345
Calculate the remainder when 4872179 is divided by 4872150.
29
Calculate the remainder when 42174415 is divided by 3196.
3195
Calculate the remainder when 1491853 is divided by 4054.
4035
What is the remainder when 24571 is divided by 208?
27
Calculate the remainder when 195310 is divided by 97645.
20
Calculate the remainder when 175299 is divided by 57.
24
What is the remainder when 10350778 is divided by 46?
42
Calculate the remainder when 7996484 is divided by 5.
4
What is the remainder when 22045479 is divided by 493?
491
What is the remainder when 11342248 is divided by 45?
43
What is the remainder when 22803589 is divided by 121295?
129
Calculate the remainder when 2746104 is divided by 2114.
18
Calculate the remainder when 2378029 is divided by 263.
246
What is the remainder when 4244615 is divided by 848887?
180
What is the remainder when 56722364 is divided by 146949?
50
Calculate the remainder when 19702828 is divided by 134.
4
What is the remainder when 19289049 is divided by 85?
84
Calculate the remainder when 16372755 is divided by 2042.
2041
Calculate the remainder when 96537 is divided by 614.
139
Calculate the remainder when 1601429 is divided by 7181.
66
Calculate the remainder when 925270 is divided by 1464.
22
What is the remainder when 12364 is divided by 634?
318
What is the remainder when 13303311 is divided by 236?
227
Calculate the remainder when 1265925 is divided by 368.
5
What is the remainder when 620603 is divided by 28?
11
What is the remainder when 641877 is divided by 2829?
2523
What is the remainder when 5683774 is divided by 5683774?
0
What is the remainder when 764739 is divided by 10196?
39
What is the remainder when 63475 is divided by 3891?
1219
Calculate the remainder when 6020138 is divided by 1298.
14
What is the remainder when 11956889 is divided by 1649?
1639
Calculate the remainder when 345213 is divided by 108.
45
Calculate the remainder when 407534 is divided by 21386.
1200
Calculate the remainder when 116698303 is divided by 6.
1
What is the remainder when 1374756286 is divided by 17?
14
Calculate the remainder when 575278 is divided by 136.
134
What is the remainder when 2562543 is divided by 62501?
2
What is the remainder when 20491786 is divided by 184610?
76
Calculate the remainder when 252523 is divided by 535.
3
What is the remainder when 7583594 is divided by 5?
4
Calculate the remainder when 18673133 is divided by 666897.
17
What is the remainder when 18236611 is divided by 2285?
26
What is the remainder when 2500938 is divided by 19?
6
Calculate the remainder when 647333093 is divided by 7102.
7099
Calculate the remainder when 1237768 is divided by 412526.
190
Calculate the remainder when 1927496 is divided by 4503.
212
What is the remainder when 500532 is divided by 45502?
10
What is the remainder when 734986 is divided by 366370?
2246
What is the remainder when 483397 is divided by 161034?
295
Calculate the remainder when 261139 is divided by 173.
82
What is the remainder when 1851478 is divided by 1993?
1974
What is the remainder when 4409738 is divided by 41997?
53
Calculate the remainder when 21728272 is divided by 697.
691
What is the remainder when 97302 is divided by 451?
337
Calculate the remainder when 5215997 is divided by 14.
3
Calculate the remainder when 274080 is divided by 9135.
30
What is the remainder when 23819074 is divided by 3?
1
Calculate the remainder when 50252244 is divided by 571048.
20
What is the remainder when 4899 is divided by 550?
499
What is the remainder when 74643 is divided by 37240?
163
What is the remainder when 76992 is divided by 5115?
267
Calculate the remainder when 7757 is divided by 7554.
203
Calculate the remainder when 30540 is divided by 667.
525
What is the remainder when 552260 is divided by 11454?
2468
Calculate the remainder when 94092 is divided by 4271.
130
Calculate the remainder when 2325699 is divided by 407.
101
Calculate the remainder when 811796 is divided by 1195.
391
Calculate the remainder when 82347821 is divided by 13.
10
What is the remainder when 251750 is divided by 62663?
1098
What is the remainder when 145489425 is divided by 3693?
3690
What is the remainder when 8572831 is divided by 74?
5
What is the remainder when 610075 is divided by 63?
46
What is the remainder when 3699422 is divided by 336293?
199
What is the remainder when 289919785 is divided by 491?
488
What is the remainder when 161526767 is divided by 5155?
5152
Calculate the remainder when 1130926 is divided by 159.
118
Calculate the remainder when 541361 is divided by 6525.
6311
Calculate the remainder when 10502743 is divided by 2.
1
What is the remainder when 3753991226 is divided by 298?
296
What is the remainder when 19416 is divided by 3?
0
Calculate the remainder when 11078919 is divided by 1190.
19
Calculate the remainder when 21873022 is divided by 41.
14
Calculate the remainder when 206790 is divided by 34353.
672
Calculate the remainder when 70190 is divided by 34784.
622
What is the remainder when 3135904 is divided by 66721?
17
What is the remainder when 7318740 is divided by 890?
270
What is the remainder when 8807532 is divided by 371?
363
Calculate the remainder when 921627 is divided by 230405.
7
What is the remainder when 1597549 is divided by 1597471?
78
Calculate the remainder when 6401346 is divided by 224.
98
What is the remainder when 362746 is divided by 45318?
202
What is the remainder when 21533945 is divided by 806?
43
Calculate the remainder when 4264788 is divided by 52009.
50
Calculate the remainder when 126305 is divided by 31443.
533
Calculate the remainder when 364560 is divided by 72.
24
Calculate the remainder when 2073413 is divided by 1257.
620
What is the remainder when 3490985 is divided by 1851?
1850
Calculate the remainder when 1386453 is divided by 3639.
3633
What is the remainder when 21384 is divided by 39?
12
What is the remainder when 1701286 is divided by 850639?
8
What is the remainder when 18970144 is divided by 1329?
1327
Calculate the remainder when 53